Let d = 1330 + -1194. Calculate the greatest common factor of 32 and d.
8
Let g be 3*35*124/434. What is the greatest common divisor of 1470 and g?
30
Let z = 46 - 30. Let p(f) = -f**2 - 3*f + 6. Let s be p(7). Let b be (-1)/(1 - (-68)/s). Calculate the greatest common divisor of b and z.
16
Suppose -7*p + 9*p - 36 = -4*k, 5*k - 36 = 2*p. What is the greatest common divisor of k and 128?
8
Let k be -4*(2 + (-20)/8)*50. Let o be k*(4 - 2/8*15). What is the greatest common divisor of o and 5?
5
Suppose -29*p + 212 = -136. Calculate the highest common factor of 192 and p.
12
Let y(m) = 2*m**2 + 53*m + 73. Let w be y(-37). Calculate the greatest common factor of 20 and w.
10
Let v(i) = 7*i - 8. Let b be v(7). Suppose c = 10*k - 7*k + 132, -2*k = 6. Calculate the greatest common factor of b and c.
41
Let y = -1309 - -1953. Suppose -428 = -2*s - 2*m, -5*m + y = 3*s - 3*m. Calculate the greatest common factor of s and 27.
27
Let y be 2 + (2 - (-6 - -1)). Let q(r) = r**2 - 2*r + 1. Let t be q(7). What is the highest common factor of t and y?
9
Suppose 4 = 2*p - 2. Suppose 0 = -5*u, 3*u + 9 + 30 = p*c. Let r be (260/12)/((-5)/(-15)). Calculate the greatest common divisor of c and r.
13
Let a = -1787 + 1801. Let k be 502/4 + (-2)/(-4). Calculate the greatest common divisor of a and k.
14
Let i(d) = 54*d - 786. Let f be i(19). Calculate the highest common divisor of f and 160.
80
Suppose 4*c - 48 = -0*c. Let u be 975/18 - 2/c. Let i = 22 - 16. Calculate the greatest common divisor of u and i.
6
Suppose 17*p = 14*p - y + 112, 39 = p + 2*y. Calculate the greatest common divisor of 259 and p.
37
Let c = -4 + 2. Suppose -i - 3*i + 23 = -3*j, -5*i + 29 = -4*j. Let x be 3/j*c/3. What is the highest common divisor of x and 5?
1
Let b(h) = -h - 4. Let a be b(-10). Let o be 15/2*(-88)/(-110). Calculate the greatest common divisor of o and a.
6
Suppose 0 = 5*m + 3*b - 2*b - 346, 3*m - 205 = 2*b. Calculate the greatest common divisor of m and 23.
23
Suppose -17*b + 2111 = -1833. What is the greatest common factor of 4 and b?
4
Let i(u) = -u**3 + 5*u**2 - 3*u + 4. Let g be i(3). Suppose 0 = 2*p - g - 1. Let m = -19 + 82. What is the greatest common factor of m and p?
7
Let g = -7 - -25. Let r = -5 - -167. What is the greatest common factor of r and g?
18
Let n = -268 - -563. Suppose 6*y - n - 209 = 0. Calculate the highest common divisor of 210 and y.
42
Suppose -10*l = -231 - 4649. What is the greatest common divisor of l and 61?
61
Suppose 3*r = i + 230, -43 = 2*r + 3*i - 200. Calculate the highest common divisor of 11 and r.
11
Let j = -329 - -386. Calculate the highest common factor of j and 684.
57
Suppose 0 = 3*x - 0*x - 4*x. Suppose -3*o = -x*o - 252. What is the greatest common divisor of o and 42?
42
Let u(m) = m**3 - 6*m**2 + 30*m - 1. Let c be u(7). What is the highest common factor of c and 86?
86
Suppose 15*p + 20 = 16*p. Let k be (p/(-6))/((-8)/12). Suppose 0 = 4*c - 16, 2*f = -f + 2*c + 97. Calculate the highest common divisor of k and f.
5
Let h be (-2)/(8/(-30))*2. Suppose 8*l = -1140 + 2100. What is the greatest common divisor of l and h?
15
Suppose 126*m + 780 = 139*m. Calculate the highest common factor of m and 15.
15
Suppose q + 341 = 3*v, 4*v + 362 = q - 2*q. Let k be 1/4 - (q/8)/5. Suppose 2 - 5 = -3*m. Calculate the highest common factor of k and m.
1
Let w be 34 - 25 - -11*5. Calculate the highest common divisor of 4 and w.
4
Suppose 0 = -15*n + 19*n - 4*d - 68, 0 = -5*d - 20. Calculate the highest common factor of 2015 and n.
13
Let s be (7 - (-2 - -4)) + 14. Suppose 10*u + s - 479 = 0. Calculate the highest common divisor of 69 and u.
23
Let p = -499 - -540. Calculate the highest common factor of 1927 and p.
41
Let h be (-31)/(-3) - 6/(-9). Let c = -8 + 10. Let q be -46*c/(-4) + -1. Calculate the greatest common divisor of q and h.
11
Let m(a) = a**3 - 2*a**2 - a - 8. Let l be m(3). Let c be (5/l)/(4/(-8)). What is the highest common divisor of 80 and c?
5
Let n = -554 - -561. Calculate the greatest common factor of 399 and n.
7
Let v(q) = q**3 + 11*q**2 + 7*q + 9. Let x be v(-7). Let i = -76 + x. What is the greatest common divisor of i and 10?
10
Suppose -4*i + u + 10 - 31 = 0, i - 5*u - 9 = 0. Let l(a) = -6*a - 15. Let d be l(i). Calculate the greatest common divisor of 105 and d.
21
Suppose 5*b - 18 = -4*a - 12, 0 = 2*a - 5*b - 18. Calculate the highest common divisor of 2 and a.
2
Suppose -24*b + 40 = -16*b. Let a = 2 - 1. Calculate the greatest common factor of a and b.
1
Suppose -2*y + 3*y = 2*w + 26, -4*y = -4*w - 48. Let t(u) = -7*u - 19. Let o be t(w). Let r = -49 + o. What is the greatest common factor of r and 6?
6
Let u be -1*(-2 - 0 - -2). Suppose -4 + 8 = 2*s + 4*t, -4*s + 2*t = 2. Suppose u*x - 4*x + 368 = s. Calculate the greatest common divisor of 23 and x.
23
Suppose -5*t + 14*u + 341 = 15*u, u = -4. Calculate the greatest common factor of 3 and t.
3
Suppose -3*x = 15, 3*x - 2*x - 217 = -3*j. Let r = 66 - 55. Let s = j - r. What is the greatest common factor of s and 9?
9
Let n = -204 + 225. What is the highest common divisor of n and 203?
7
Suppose -3 = -6*b - n + 112, 4*n - 4 = 0. Let t(f) = -53*f - 3. Let z be t(-4). Calculate the greatest common divisor of b and z.
19
Let j be 10740/(-240)*(2 - (31 + 3)). Calculate the greatest common divisor of 8 and j.
8
Suppose 3 + 7 = 2*p. Let d be -4*(-1)/p + (-86)/(-5). What is the greatest common divisor of 30 and d?
6
Suppose 16*z - 17*z - 2*b + 8 = 0, -5*z + 5*b + 100 = 0. Calculate the highest common factor of 400 and z.
16
Suppose -4*w + 3*t = -1772, -5*w + 2*t + 1844 = -364. What is the greatest common divisor of 120 and w?
40
Let w(l) = -l**2 + 19*l - 3. Let k be w(18). Calculate the greatest common factor of 40 and k.
5
Let r = 178 - 53. Suppose 5*j = 5*o - r, 15 = j + 4*j. What is the greatest common divisor of o and 14?
14
Let k(i) = 2*i**2 + 4*i + 3. Let s be k(-2). Let f be (s/3)/(1/(-2)). Let j be 32*(-1 - 0 - f). Calculate the highest common divisor of j and 48.
16
Let z = 31 + -30. Let m be (-24)/(-6) - -6*z. Calculate the highest common divisor of m and 40.
10
Let u(a) = 3*a - 73. Let c be u(0). Let l be (-3 - c)/(2 + -1). What is the greatest common divisor of 14 and l?
14
Suppose 0 = 8*c - 6*c + 10. Let l be 2/10 - 144/c. What is the greatest common factor of l and 319?
29
Let z(q) = q + 3. Let b be z(-2). Let v be (b - 0/(-3)) + 149. What is the highest common factor of 30 and v?
30
Let r be 1/(-6) - 19305/(-162). Calculate the greatest common factor of 7 and r.
7
Let o be (-127 + -1 - 0)/(72/(-252)). What is the highest common divisor of o and 56?
56
Let m be -923*(-3)/(-1 - -4) + -2. Let d = m - 641. Calculate the greatest common factor of d and 35.
35
Suppose 0 = 2*i - 6, -10*a - 90 = -14*a - 2*i. What is the greatest common factor of a and 273?
21
Let t be (-1*3)/(30/(-90)). What is the greatest common divisor of t and 1107?
9
Let o = -281 - -809. What is the highest common divisor of o and 8?
8
Let j be (-354)/(-14) - 6/21. Suppose 3*r + 4 = 19. What is the highest common divisor of r and j?
5
Suppose -3*o - 10 = -4*y, o = -0 + 2. Suppose 5*b - 4*i = 0, 5*b = b - y*i. Let g be b/(-2) + -1 - -177. Calculate the highest common divisor of 16 and g.
16
Suppose -2*q + 108 = -4. Let w be 85/10 - 3/2. Calculate the greatest common divisor of w and q.
7
Let v(x) = x**3 + 22*x**2 - x - 8. Suppose 3 - 10 = k + 5*q, 3*k - 2*q = -72. Let m be v(k). What is the greatest common divisor of 56 and m?
14
Let a(r) = r**3 + 32*r**2 - 32*r + 43. Let d be a(-33). What is the highest common divisor of d and 2?
2
Suppose 0 = -4*z + 3*z + 127. Let v = 247 - z. Suppose 3*i - 181 + 37 = 0. What is the greatest common factor of v and i?
24
Suppose -3*q = -0*q. Suppose q*k = k - 13. Let u(r) = -11*r - 15. Let x be u(-12). Calculate the highest common divisor of x and k.
13
Let v be (0 - 18/24) + (-75)/(-20). What is the highest common divisor of 29 and v?
1
Suppose -2*y = -2*d + 380, -2*d + 5*d = -y + 558. What is the greatest common factor of 68 and d?
17
Let b(n) = 74*n + 7. Let p be b(1). Calculate the greatest common factor of p and 162.
81
Let r = 251 - 239. What is the greatest common factor of 468 and r?
12
Suppose 0 = -i + 2*i + c - 9, -4*i + 36 = -2*c. Let v(d) = -2*